 z = 38 - i. Calculate the remainder when z is divided by o(-6).
9
Suppose -4 = c - 0*c. Let q(d) = 2*d**2 - 2*d - 5. What is the remainder when q(5) is divided by (c/3)/((-3)/27)?
11
Let p = 34 + -19. What is the remainder when 43 is divided by p?
13
Let t be -1 + (-2 - (-8 + 1)). Suppose -y - 2*a + 152 = 3*y, -3*y = -t*a - 92. What is the remainder when y is divided by 13?
10
Suppose 0 = 3*u + 40 - 106. Suppose 9*m - 4*m = 430. Calculate the remainder when m is divided by u.
20
Suppose -24 = -3*q + 24. Suppose 3*n = -2*c + 37, -2*n - 43 = -4*n - 5*c. What is the remainder when q is divided by n?
7
Suppose 0 = -5*c + 2*b + 5, 0 = c - 0*b - b + 2. Let m = 26 - 17. What is the remainder when m is divided by c?
0
Let b = 0 + 5. Suppose -3*q + 98 - b = 0. Calculate the remainder when q is divided by 8.
7
Suppose 5*z + 3 + 0 = m, -2*z = 4*m - 56. What is the remainder when 22 is divided by m?
9
Suppose 0 = -2*k + p + 69, 4*p = -4*k - p + 173. Suppose 2*i = 2*c + 26, -5*i - 4*c + k = -37. What is the remainder when 54 is divided by i?
12
Let s = 4 + -1. Suppose 0*l - 39 = -s*l. What is the remainder when 23 is divided by l?
10
Let f(t) = t**2 + 15*t + 7. Calculate the remainder when 24 is divided by f(-15).
3
Let v = -97 + 160. Calculate the remainder when v is divided by 11.
8
Let p be (-2 - 0/2) + -43. Let w = p + 77. Let a(g) = -g**3 - 5*g**2 - 2*g + 1. Calculate the remainder when w is divided by a(-5).
10
Let j be ((-12)/15)/((-2)/5). Suppose 6*n - j*n - 100 = 0. Let h = -29 - -36. Calculate the remainder when n is divided by h.
4
Let y(t) = -t**2 + 12. Let b(j) = -j**2 + 8*j - 7. Let a be b(7). What is the remainder when 47 is divided by y(a)?
11
Suppose -2*f + 57 - 19 = 0. Calculate the remainder when 3/2 - (417/(-6) - 3) is divided by f.
17
Let o be 2/8 + 1135/20. Let z = o + -29. Let q = -16 + z. Calculate the remainder when 22 is divided by q.
10
Let p = -125 - -136. What is the remainder when 75 is divided by p?
9
Suppose 4*j - 4*h - 12 = 0, 3*j - 3 - 7 = 2*h. Let w(m) = 3*m + 4. What is the remainder when 47 is divided by w(j)?
15
Suppose 5*d + v + v - 33 = 0, 19 = 2*d - 5*v. Let b(y) = 11*y + 3. Calculate the remainder when b(5) is divided by 0 + 19 - (6 - d).
18
Suppose 0 = -5*l + 49 + 56. What is the remainder when l is divided by 5?
1
Suppose 3*g - 24 = -g. Calculate the remainder when (2 - (-2 - 2)) + 4 is divided by g.
4
Suppose -v + 2*v - 4 = 0. Suppose v*i - 90 - 70 = 0. Calculate the remainder when i is divided by 14.
12
Suppose 4*t = -t + 75. Suppose 199 + 11 = 5*l. Calculate the remainder when l is divided by t.
12
Let a = 16 + -11. Let i = -5 - -13. What is the remainder when i is divided by a?
3
Suppose -2*b - 3*l = -19, 2*b - b + 4*l - 12 = 0. Suppose -2*f + b = 2*o + 2, f - 2*o = 0. Calculate the remainder when (1 - 4 - -4)*3 is divided by f.
1
Suppose -3*p - 30 = -q - p, -3*q - 3*p = -135. Suppose z - 6*z + 20 = 0. Let w = 18 - z. Calculate the remainder when q is divided by w.
12
What is the remainder when (-1)/(18/19 - 1) is divided by ((-20)/(-7))/(((-4)/(-7))/2)?
9
Let j = 0 + 22. What is the remainder when j is divided by 13?
9
Suppose 3*a + a - 200 = 0. Suppose y = 18 - 1. What is the remainder when a is divided by y?
16
Let b = -39 + 47. Calculate the remainder when 15 is divided by b.
7
Suppose 5*s + 72 - 217 = 0. Let y = s - 8. Suppose -5*l = -1 + y, l = t - 21. What is the remainder when t is divided by 9?
8
Let i(o) = -2 + 10 - o + 4. What is the remainder when 22 is divided by i(0)?
10
Suppose t - 1 = 18. Suppose 0 = 4*m - t - 33. What is the remainder when 36 is divided by m?
10
Suppose 3*t - 76 = 32. What is the remainder when t is divided by 19?
17
Let f = 78 + -117. Let p = -26 - f. What is the remainder when p is divided by 4?
1
Suppose -5*v + 0 + 9 = 2*q, 2*v = -2*q. Suppose -3*a - 15 = 0, -2*a + 1 = v*y - 1. What is the remainder when 11 is divided by y?
3
Let f be 4*(-3 + 17/4). Suppose a - 9 - f = 0. What is the remainder when 54 is divided by a?
12
Suppose 4*l - 22 = -2*g, -l + 2*l - 28 = -3*g. Calculate the remainder when 43 is divided by g.
7
Suppose -4*h + 0*o = 5*o - 889, 0 = -2*h + o + 427. Suppose 2*i - 10*i + h = 0. What is the remainder when 79 is divided by i?
25
Suppose 3*a - 8*a + 13 = i, 34 = 2*i + 2*a. What is the remainder when 11*1*6/2 is divided by i?
15
Suppose 252 = 7*a - 3*a. Calculate the remainder when a is divided by 8.
7
Let h = -5 - -9. Calculate the remainder when 11 is divided by h.
3
Let z(k) = k**2 + 5*k + 3. Let x be z(-5). Suppose -x*r = 5*m - 65, -3*m + r - 6*r = -23. Suppose -3*y + 100 = 10. What is the remainder when y is divided by m?
14
Calculate the remainder when 2/(-2) - -29 - 2 is divided by (-994)/(-70) + (-1)/5.
12
Let i(m) = -10*m. Let w be i(1). Calculate the remainder when 852/20 + (-4)/w is divided by 15.
13
Suppose 3*g + 148 - 193 = 0. Calculate the remainder when 49 is divided by g.
4
Let f(i) = i**3 - i**2 + 2*i + 4. Calculate the remainder when 47 is divided by f(0).
3
Let a(b) be the first derivative of 21*b**2/2 - 8. What is the remainder when 81 is divided by a(1)?
18
Let h be (-200)/(-16)*4/(-5). Let w be (2/3)/(h/(-75)). Suppose 5*a - 4*t = -1, -t + w = -a + t. Calculate the remainder when 3 is divided by a.
0
Let m(j) = j**3 - j**2 - 5*j + 4. Let b = -1 + 1. Let z(y) = -y**2 - y + 3. Let f be z(b). Calculate the remainder when 12 is divided by m(f).
5
Suppose k + 3 = -p, -2 = -5*k - 17. Let t(x) = -2*x**2 - 10*x. Let w be t(-5). Suppose 3*j + p*j - 36 = w. Calculate the remainder when 23 is divided by j.
11
What is the remainder when 1/(-4) - 145/(-4) is divided by 13?
10
Let j be (-1)/(1/(-19) - 0). Let k = j + -1. Calculate the remainder when k is divided by 0 + 7 - (-1 + -2).
8
Let t be (4/4)/(2/(-4)). Let m(u) = -7*u**3 + u**2 - 1. Calculate the remainder when m(-1) is divided by 6/5*(-5)/t.
1
Suppose j = 6 + 6. Calculate the remainder when 58 is divided by j.
10
Calculate the remainder when 65 is divided by -3 + 68/4 + -3.
10
Suppose 0 = -4*r + 8, -b - 3*r = -2*b + 12. Calculate the remainder when 3*1/(6/68) is divided by b.
16
Let a = 4 + 8. Suppose 3*x - a - 3 = 0. Suppose 3*z - 42 - 8 = -v, -x*v + 70 = 3*z. Calculate the remainder when 29 is divided by z.
14
Suppose 7*a - 18 = 6*a. Calculate the remainder when 88 is divided by a.
16
Suppose 0*g = 2*g - 22. Suppose -g + 37 = 2*j. Calculate the remainder when 36 is divided by j.
10
Let a(m) = -m - 10. Let c be a(-7). What is the remainder when 14 is divided by (0 + -1)*(c - 2)?
4
Let d(c) = -c**3 - c**2 + 3*c + 1. Suppose -t - t = 2*q - 56, -t - 3*q = -28. What is the remainder when t is divided by d(-3)?
8
Let t be 18/(-5) - 8/20. Let r be (-96)/42 - t/14. Calculate the remainder when -1 + r/4*-46 is divided by 12.
10
Suppose -j = -10*y + 5*y - 109, 0 = 4*j + 2*y - 348. Calculate the remainder when j is divided by 30.
29
Suppose -i = 2*i - 12. Suppose -2 = 2*a + i. What is the remainder when (-1 + -2)*59/a is divided by 20?
19
Suppose -51 - 29 = -4*g. Calculate the remainder when 98 is divided by g.
18
Calculate the remainder when 208 is divided by (0 - (-4 + -49))*(2 + -1).
49
Let z be 1/(-3 + 16/5). Suppose 33 + 7 = z*o. Calculate the remainder when o is divided by 3.
2
Calculate the remainder when 21 is divided by 28/8*(-96)/(-28).
9
Let o(k) = k**3 - 2*k**2 + 4*k - 3. Let p be o(2). Suppose 3*a - 3 = 0, 5*d - 7 - 8 = p*a. What is the remainder when 10 is divided by d?
2
Suppose 0 = -4*p + 7*p - 18. Let q(f) = -3 + f + 5 + 4. Calculate the remainder when 22 is divided by q(p).
10
Let k = 429 + -297. Suppose 0 = i + 2*i - k. What is the remainder when i is divided by 15?
14
Let u be 3/(-9)*-1*6. Suppose t - c + u = 117, 15 = -3*c. Suppose 35 = 2*z - d - 9, -4*d = 5*z - t. What is the remainder when z is divided by 12?
10
Let n = 101 - 47. What is the remainder when 269 is divided by n?
53
Suppose 5*y = 4*b - 173, -3*y + 9 - 94 = -2*b. What is the remainder when b is divided by 8?
7
Let l = 26 + -20. What is the remainder when 21 is divided by l?
3
Let k = 160 - 17. What is the remainder when k is divided by 36?
35
Calculate the remainder when 86 is divided by 16/10*(650/20 + -5).
42
Let o(w) = 2*w - 1. What is the remainder when 5 is divided by o(2)?
2
Suppose 0 = 2*h - 7*h + 135. 